mainder when 5804 is divided by 2864.
76
What is the remainder when 262331 is divided by 36?
35
Calculate the remainder when 7642 is divided by 3788.
66
What is the remainder when 6775 is divided by 532?
391
Calculate the remainder when 16991 is divided by 4247.
3
What is the remainder when 12520 is divided by 695?
10
Calculate the remainder when 17584 is divided by 220.
204
What is the remainder when 2356 is divided by 782?
10
Calculate the remainder when 144952 is divided by 21.
10
Calculate the remainder when 363604 is divided by 35.
24
Calculate the remainder when 5379 is divided by 113.
68
What is the remainder when 107006 is divided by 19?
17
Calculate the remainder when 61228 is divided by 411.
400
What is the remainder when 1126 is divided by 679?
447
Calculate the remainder when 639 is divided by 297.
45
What is the remainder when 43468 is divided by 5404?
236
Calculate the remainder when 165799 is divided by 20.
19
What is the remainder when 11644 is divided by 2898?
52
Calculate the remainder when 8739 is divided by 8727.
12
Calculate the remainder when 189650 is divided by 457.
452
Calculate the remainder when 172592 is divided by 172582.
10
Calculate the remainder when 61207 is divided by 56.
55
What is the remainder when 208037 is divided by 113?
4
Calculate the remainder when 32901 is divided by 2842.
1639
Calculate the remainder when 3868 is divided by 258.
256
What is the remainder when 7123 is divided by 887?
27
Calculate the remainder when 148998 is divided by 311.
29
Calculate the remainder when 186470 is divided by 17.
14
Calculate the remainder when 1978 is divided by 966.
46
What is the remainder when 53739 is divided by 53680?
59
Calculate the remainder when 58294 is divided by 79.
71
What is the remainder when 34528 is divided by 422?
346
What is the remainder when 1073339 is divided by 12?
11
Calculate the remainder when 709 is divided by 239.
231
Calculate the remainder when 7979 is divided by 74.
61
What is the remainder when 8650 is divided by 4172?
306
Calculate the remainder when 6830 is divided by 198.
98
Calculate the remainder when 11770 is divided by 203.
199
What is the remainder when 3299 is divided by 255?
239
Calculate the remainder when 175368 is divided by 25051.
11
Calculate the remainder when 81527 is divided by 178.
3
Calculate the remainder when 441795 is divided by 147258.
21
What is the remainder when 3993 is divided by 24?
9
Calculate the remainder when 5028713 is divided by 1276.
1273
What is the remainder when 2236 is divided by 2225?
11
What is the remainder when 268 is divided by 17?
13
Calculate the remainder when 13992 is divided by 271.
171
What is the remainder when 68499 is divided by 98?
95
What is the remainder when 1841411 is divided by 519?
518
Calculate the remainder when 1318 is divided by 434.
16
What is the remainder when 2420 is divided by 705?
305
What is the remainder when 27352 is divided by 2099?
65
Calculate the remainder when 428317 is divided by 61187.
8
What is the remainder when 74376 is divided by 1352?
16
What is the remainder when 375 is divided by 33?
12
Calculate the remainder when 13396 is divided by 272.
68
Calculate the remainder when 24981 is divided by 8310.
51
What is the remainder when 1693 is divided by 320?
93
Calculate the remainder when 10101 is divided by 83.
58
What is the remainder when 138749 is divided by 62?
55
Calculate the remainder when 1377115 is divided by 608.
603
Calculate the remainder when 41624 is divided by 5.
4
What is the remainder when 6667 is divided by 36?
7
Calculate the remainder when 82439 is divided by 896.
7
What is the remainder when 17012 is divided by 110?
72
What is the remainder when 653 is divided by 584?
69
Calculate the remainder when 3606 is divided by 40.
6
What is the remainder when 16345 is divided by 285?
100
What is the remainder when 548002 is divided by 51?
7
What is the remainder when 9308 is divided by 1309?
145
Calculate the remainder when 76736 is divided by 424.
416
What is the remainder when 2272 is divided by 202?
50
Calculate the remainder when 10387 is divided by 1730.
7
Calculate the remainder when 1610 is divided by 1570.
40
Calculate the remainder when 5442 is divided by 5217.
225
Calculate the remainder when 5960 is divided by 981.
74
What is the remainder when 2983 is divided by 222?
97
Calculate the remainder when 212799 is divided by 28.
27
What is the remainder when 9205 is divided by 3054?
43
What is the remainder when 252545 is divided by 31568?
1
What is the remainder when 75057 is divided by 60?
57
Calculate the remainder when 94178 is divided by 668.
658
Calculate the remainder when 25792 is divided by 549.
538
Calculate the remainder when 12787 is divided by 3144.
211
Calculate the remainder when 734821 is divided by 555.
1
Calculate the remainder when 1080 is divided by 430.
220
What is the remainder when 24538 is divided by 8176?
10
Calculate the remainder when 7411 is divided by 7397.
14
What is the remainder when 192480 is divided by 174?
36
What is the remainder when 9437 is divided by 452?
397
Calculate the remainder when 7015 is divided by 60.
55
Calculate the remainder when 23580 is divided by 62.
20
Calculate the remainder when 499799 is divided by 714.
713
What is the remainder when 12702 is divided by 1530?
462
Calculate the remainder when 8666 is divided by 1082.
10
What is the remainder when 198735 is divided by 366?
363
What is the remainder when 1125863 is divided by 57?
56
Calculate the remainder when 76460 is divided by 19112.
12
Calculate the remainder when 6860 is divided by 343.
0
What is the remainder when 57201 is divided by 41?
6
Calculate the remainder when 7532 is divided by 561.
239
Calculate the remainder when 129163 is divided by 98.
97
What is the remainder when 44362 is divided by 198?
10
What is the remainder when 70913 is divided by 18?
11
What is the remainder when 40278 is divided by 640?
598
What is the remainder when 55572 is divided by 6945?
12
What is the remainder when 4110 is divided by 448?
78
What is the remainder when 81780 is divided by 117?
114
What is the remainder when 16335 is divided by 1799?
144
Calculate the remainder when 3916 is divided by 871.
432
Calculate the remainder when 8364 is divided by 2032.
236
Calculate the remainder when 285619 is divided by 203.
201
Calculate the remainder when 6583 is divided by 760.
503
Calculate the remainder when 21861 is divided by 363.
81
What is the remainder when 70986 is divided by 1014?
6
What is the remainder when 81225 is divided by 40607?
11
What is the remainder when 1824 is divided by 458?
450
What is the remainder when 763 is divided by 731?
32
Calculate the remainder when 3267 is divided by 865.
672
Calculate the remainder when 686297 is divided by 1.
0
What is the remainder when 112436 is divided by 523?
514
Calculate the remainder when 4060 is divided by 214.
208
What is the remainder when 995 is divided by 977?
18
What is the remainder when 616228 is divided by 41?
39
What is the remainder when 4883 is divided by 69?
53
What is the remainder when 503004 is divided by 133?
131
What is the remainder when 91973 is divided by 1149?
53
Calculate the remainder when 62467 is divided by 7807.
11
Calculate the remainder when 128880 is divided by 359.
358
Calculate the remainder when 27499 is divided by 1140.
139
What is the remainder when 3438 is divided by 850?
38
Calculate the remainder when 1985 is divided by 496.
1
Calculate the remainder when 124856 is divided by 10.
6
Calculate the remainder when 3735 is divided by 565.
345
Calculate the remainder when 620570 is divided by 57.
11
What is the remainder when 5410 is divided by 1831?
1748
What is the remainder when 117778 is divided by 1?
0
Calculate the remainder when 11365 is divided by 1140.
1105
Calculate the remainder when 3859 is divided by 1278.
25
Calculate the remainder when 402 is divided by 335.
67
What is the remainder when 72482 is divided by 32?
2
Calculate the remainder when 2852 is divided by 2174.
678
Calculate the remainder when 81854 is divided by 1704.
62
Calculate the remainder when 14658 is divided by 6563.
1532
Calculate the remainder when 150889 is divided by 281.
273
Calculate the remainder when 266439 is divided 